{"id":1073,"date":"2024-08-03T10:14:04","date_gmt":"2024-08-03T08:14:04","guid":{"rendered":"https:\/\/500treffen.de\/?page_id=1073"},"modified":"2026-03-15T10:01:49","modified_gmt":"2026-03-15T09:01:49","slug":"termine-2025","status":"publish","type":"page","link":"https:\/\/500treffen.de\/?page_id=1073","title":{"rendered":"Termine 2026"},"content":{"rendered":"<p>&nbsp;<\/p>\n<p><strong><span style=\"color: #ff0000;\">8. &#8211; 10. Mai<\/span> <span style=\"color: #4b93bd;\">Bremer Fiat 500-Treffen<\/span><\/strong><br \/>\n&#8230; wieder in Oyten am Backsberg!<\/p>\n<hr \/>\n<p><strong><span style=\"color: #ff0000;\">13. Juni<\/span> <a href=\"https:\/\/www.500forum.de\/index.php\/Thread\/46683-2-Hannover-Treffen-2026\/?postID=546980#post546980\"><span style=\"color: #4b93bd;\">Hannover-Treffen<\/span><\/a><\/strong><br \/>\nAn der Autobahn 49, 29690 Buchholz<br \/>\n<img loading=\"lazy\" decoding=\"async\" class=\"alignnone wp-image-1206\" src=\"http:\/\/500treffen.de\/wp-content\/uploads\/2026\/03\/fiat500_poster_under1mb.jpg\" alt=\"\" width=\"269\" height=\"346\" \/><\/p>\n<hr \/>\n<p><strong><span style=\"color: #ff0000;\">13. Juni<\/span> <span style=\"color: #4b93bd;\">Rheintaltreffen<\/span><\/strong><br \/>\n<img loading=\"lazy\" decoding=\"async\" class=\"alignnone wp-image-1190\" src=\"http:\/\/500treffen.de\/wp-content\/uploads\/2025\/10\/IMG-20251005-WA00002.jpg\" alt=\"\" width=\"269\" height=\"346\" srcset=\"https:\/\/500treffen.de\/wp-content\/uploads\/2025\/10\/IMG-20251005-WA00002.jpg 737w, https:\/\/500treffen.de\/wp-content\/uploads\/2025\/10\/IMG-20251005-WA00002-233x300.jpg 233w\" sizes=\"auto, (max-width: 269px) 100vw, 269px\" \/><\/p>\n<hr \/>\n<p><strong><span style=\"color: #ff0000;\">26. &#8211; 28. Juni 2026<\/span> <span style=\"color: #4b93bd;\">Treffen am Bodensee<\/span><\/strong><br \/>\n&#8230; in Nitzenweiler bei Kressbronn.<br \/>\nHallo Leute, die 500er Freunde am Bodensee freuen sich mit euch vom Freitag 26. 6. 2024 bis zum Sonntag 28. 6. 2026 zu feiern.<br \/>\n<a href=\"https:\/\/www.500forum.de\/index.php\/Thread\/46472-Fiat-500-Treffen-am-Bodensee-in-Nitzenweiler-26-6-bis-28-6-26\/?postID=543076#post543076\">Mehr&#8230;<\/a><\/p>\n<hr \/>\n<p><strong><span style=\"color: #ff0000;\">17. &#8211; 19. Juli 2026<\/span> <span style=\"color: #4b93bd;\">Treffen am Chiemsee<\/span><\/strong><br \/>\n&#8230; dieses Jahr mit neuem Treffenplatz.<br \/>\n<a href=\"https:\/\/www.500forum.de\/index.php\/Thread\/43493-Erstes-Fiat-500-Treffen-am-Chiemsee\/?postID=543444#post543444\">Mehr &#8230;<\/a><\/p>\n<hr \/>\n<p><strong><span style=\"color: #ff0000;\">24. &#8211; 26. Juli 2026<\/span> <span style=\"color: #4b93bd;\">Fiat 500\/126-Treffen im M\u00fcnsterland<\/span><\/strong><br \/>\n&#8230; in 48691 Vreden, Sch\u00fctzenhalle K\u00f6ckelwick, K\u00f6ckelwick 32a.<br \/>\n<img decoding=\"async\" src=\"http:\/\/500treffen.de\/wp-content\/uploads\/2025\/09\/m1-e1757863624328.jpeg\" \/><br \/>\n<a href=\"http:\/\/500treffen.de\/wp-content\/uploads\/2025\/09\/m2-1.jpeg\">Flyer-Download<\/a><\/p>\n<hr \/>\n<p><span style=\"color: #ff0000;\"><strong>4. &#8211; 6. September 2026<\/strong><\/span> <span style=\"color: #008080;\"><strong>&#8222;Raduno nel parco&#8220; in Neuwied<\/strong><\/span><br \/>\nInfos folgen &#8230;<\/p>\n","protected":false},"excerpt":{"rendered":"<p>&nbsp; 8. &#8211; 10. Mai Bremer Fiat 500-Treffen &#8230; wieder in Oyten am Backsberg! 13. Juni Hannover-Treffen An der Autobahn 49, 29690 Buchholz 13. Juni<\/p>\n","protected":false},"author":1,"featured_media":0,"parent":0,"menu_order":0,"comment_status":"closed","ping_status":"closed","template":"","meta":{"footnotes":""},"class_list":["post-1073","page","type-page","status-publish","hentry"],"_links":{"self":[{"href":"https:\/\/500treffen.de\/index.php?rest_route=\/wp\/v2\/pages\/1073","targetHints":{"allow":["GET"]}}],"collection":[{"href":"https:\/\/500treffen.de\/index.php?rest_route=\/wp\/v2\/pages"}],"about":[{"href":"https:\/\/500treffen.de\/index.php?rest_route=\/wp\/v2\/types\/page"}],"author":[{"embeddable":true,"href":"https:\/\/500treffen.de\/index.php?rest_route=\/wp\/v2\/users\/1"}],"replies":[{"embeddable":true,"href":"https:\/\/500treffen.de\/index.php?rest_route=%2Fwp%2Fv2%2Fcomments&post=1073"}],"version-history":[{"count":57,"href":"https:\/\/500treffen.de\/index.php?rest_route=\/wp\/v2\/pages\/1073\/revisions"}],"predecessor-version":[{"id":1210,"href":"https:\/\/500treffen.de\/index.php?rest_route=\/wp\/v2\/pages\/1073\/revisions\/1210"}],"wp:attachment":[{"href":"https:\/\/500treffen.de\/index.php?rest_route=%2Fwp%2Fv2%2Fmedia&parent=1073"}],"curies":[{"name":"wp","href":"https:\/\/api.w.org\/{rel}","templated":true}]}}